- 7*z**4/12 + 19*z**3/6 - 46*z**2. Give n(5).
-1
Let m(g) = -g**3 + 3*g**2 + 2*g - 1. Let j = -1460 + 993. Let i = -463 - j. Calculate m(i).
-9
Let v(k) = k + 9. Suppose -7*j - 32 = -4. Let q be v(j). Let b(g) = -g**2 + 8*g - 7. Determine b(q).
8
Let u = -492 + 493. Suppose 3*o - 4*c = -10, -o + 5*c + u = -4*o. Let y(p) = p**3 + 3*p**2 + 4*p + 5. Calculate y(o).
1
Let r(m) = m**3 + 2*m**2 - 5*m - 2. Let h = 456 - -734. Suppose -11*u = -h + 167. Suppose 0 = -u*d + 95*d + 6. Calculate r(d).
4
Let k(o) be the first derivative of -11*o**2/2 - 5*o - 1959. What is k(-3)?
28
Let m(v) = 10*v - 1. Let u(c) = 9*c + 1. Let q(j) = -4*m(j) + 3*u(j). Let i(p) = -6*p + 4. Let x(n) = 5*i(n) - 3*q(n). Determine x(-1).
-10
Let k(l) = -11*l - 1. Suppose -2*v = 3*y - 15, y + 6*v - 9*v + 17 = 0. Give k(y).
-12
Let m(i) = i**3 + 3*i**2 - 9*i - 6. Let p(t) = t**2 - 24*t + 35. Let j be p(25). Let r be (-2 - 27/(-6))*(-96)/j. Give m(r).
14
Let t(d) = d**2 + 2*d - 2. Let g be (-2)/(-3) - 48/(-36). Let u(l) = -l**2 + 48*l + 323. Let j be u(54). Let c be -1 + (g - 0)*j. Determine t(c).
1
Let l(r) = -1. Let w(d) = -2*d**2 - 13*d - 9. Let v(q) = -6*l(q) + w(q). Let a(h) = -434*h + 46433. Let g be a(107). Determine v(g).
12
Let s(d) be the third derivative of d**4/4 - d**3 - 2*d**2 - 20. Let g = 99 + -94. Determine s(g).
24
Let n be -18*64/(-864)*((-2)/4 + 1). Let s(f) be the third derivative of -27*f**2 + 0 + 0*f + 1/24*f**4 - n*f**3. Calculate s(6).
2
Let u(y) be the second derivative of 2*y**3/3 - 2*y**2 + y - 453. Let j be -5*(-2 + 1) - 2. Give u(j).
8
Let o(n) = 143*n - 144*n - 74*n**2 + 66*n**2 + 5. Determine o(-3).
-64
Let z(k) = 42 - 26*k - 146*k + 166*k. Determine z(8).
-6
Let w(v) = v - 5. Let q be w(8). Suppose 3*f - q*x - 4 = 8, -3*x + 12 = 5*f. Let d(s) = -6*s - s**3 + 5*s - f + s**2 - 6. Give d(0).
-9
Let h = -4940 - -4951. Let d(x) = -5*x + 52. Calculate d(h).
-3
Let n be (-4)/(-5)*(5 - (-185)/74). Let v(p) = p**2 + 0*p - 2*p - 3 - 6*p. Calculate v(n).
-15
Let s(a) be the third derivative of -a**4/6 - 9*a**3/2 - 2*a**2 - 82. What is s(-12)?
21
Let y(f) = -f + 2. Suppose 10 = 6*s - s. Let q(d) = 4*d + 5. Let i(c) = 8*c + 8. Let w(b) = -5*i(b) + 9*q(b). Let r(x) = s*w(x) - 7*y(x). What is r(-4)?
0
Let h(n) be the first derivative of 1/12*n**4 + 9 - 1/6*n**3 + 15*n - 2*n**2. Let o(r) be the first derivative of h(r). Calculate o(3).
2
Suppose -16*w + 6 = -13*w. Suppose 1 = r + w. Let b be 3/r + (7 - 3) - 4. Let d(m) = -m**2 - 3*m - 2. Determine d(b).
-2
Let h(c) = 2468 + 11*c - 7*c - 2*c**2 - 2478. Determine h(2).
-10
Let q(s) be the third derivative of s**5/30 - s**4/6 - 7*s**3/2 + 14*s**2 + 2*s. Calculate q(4).
-5
Let m(a) = -5*a**2 + 116*a - 16. Let t be m(23). Let z(u) = 6*u - 5. Determine z(t).
37
Let h(t) = -2*t**3 + 95*t**2 - 138*t + 6. Let v be h(46). Let c(b) = -b**2 + 7*b + 9. Let w(p) = -1. Let q(g) = c(g) + 5*w(g). Determine q(v).
10
Let i(c) = -25*c**3 - 35*c**2 + 20*c - 4. Let w(o) = 16*o**3 + 25*o**2 - 14*o + 3. Let s(a) = -5*i(a) - 7*w(a). Let g be (-2)/6 + (-4)/6. Determine s(g).
-12
Let z(n) = 3*n + 8. Let y(w) = 2*w + 4. Let x(r) = 5*y(r) - 3*z(r). Suppose 406*s - 828 = 3232. Calculate x(s).
6
Let f be 3*(128/(-24))/(-8). Let g(n) = -3*n**3 + 5*n**2 - n + 1. What is g(f)?
-5
Let p(a) = 3 + a**3 + 5*a**2 - 2 + 8*a - 2*a. Let b(g) = g. Let h(v) = -4*v + 6. Let t(s) = 2*b(s) + h(s). Let u be t(5). What is p(u)?
-7
Let f = 396 + -386. Let s(y) = -2 + f*y - 15 + 17. Give s(-1).
-10
Suppose 58*i - 110 - 64 = 0. Let r(b) = -2 - 127*b**2 + 2*b**3 + 124*b**2 + b**i + b. Calculate r(2).
12
Suppose 5*p + 2 = 3*o + 7, 4*o - 4*p = 4. Suppose -o*j = 11 - 1, 18 = -4*d - 5*j. Let b(y) = -5*y - 2. Determine b(d).
8
Let h(f) = -f - 12. Let y be h(-10). Let n(c) = -2*c**3 + 4*c**2 + c + 1. Let a be n(2). Let d be a/(6 - 3) + y. Let o(b) = -6*b. What is o(d)?
6
Let k(v) = -v**2 + 2*v - 4. Let c = 190 - 585. Let o = c + 397. What is k(o)?
-4
Let d(o) = 13*o**2 + 1. Suppose -4*y + 5*n = -0*y - 22, n = -5*y + 42. Let r(f) = 5*f - 39. Let g be r(y). Determine d(g).
14
Let u(q) be the third derivative of -17*q**4/12 - 5*q**3/3 + 2*q**2 + 56*q. Calculate u(3).
-112
Let v be ((-895)/4 - 2) + 60/80. Let t = 226 + v. Let g(o) be the first derivative of 4*o**2 + o - 1. What is g(t)?
9
Let v(i) = -32*i**2 + 13*i + 10. Let c(a) = 10*a**2 - 4*a - 3. Let t(u) = 7*c(u) + 2*v(u). Determine t(-2).
27
Let n(z) = -6*z + 55. Let a(r) = -r**3 + 17*r**2 - 30*r - 161. Let o be a(14). What is n(o)?
13
Suppose 27*p = 6388 - 6253. Let q(v) = 3*v**2 - 9*v - 15. Let w(n) = 2*n**2 - 6*n - 10. Let b(d) = 5*q(d) - 7*w(d). Determine b(p).
5
Let a(k) = k**3 - 6*k**2 + 17. Let r be 96/14 + (-186)/217. Let v be a(r). Let z(i) = i**2 - 15*i - 24. Give z(v).
10
Let o(q) = -q**2 - 24*q - 52. Let u be o(-19). Let g(b) = 88 - b**2 - 42 - u - 8*b. Calculate g(-10).
-17
Let z be 5*((-4)/12*-21 + -5). Suppose -12*l - 58 = -z. Let s(a) = 2*a**2 + 4*a - 5. What is s(l)?
11
Let k(s) be the second derivative of s**3/6 - 3*s**2/2 - 1140*s. Suppose 0 = -4*x - 15 + 3. Give k(x).
-6
Let w(y) = -86*y + 99. Let v(u) = -112*u + 100. Let b(z) = -3*v(z) + 4*w(z). Calculate b(11).
8
Let o(r) = r + 1. Let g(z) = -z**2 - 6*z - 7. Let a(b) = -g(b) + 3*o(b). Let m(y) = -y**2 + 28*y - 42. Let v be m(25). Let i = -41 + v. What is a(i)?
2
Let m(n) be the third derivative of n**6/30 - n**5/12 - n**4/8 - n**3 + 1933*n**2 - 2. Give m(2).
0
Let r(i) = -8*i - 2. Suppose -27 = 2*n - 5*n. Let x be (-1*3)/(5*(-12)/300). Suppose 0 = 2*k - n + x. Calculate r(k).
22
Let b(s) = -s + 16. Let a be b(10). Let d be ((-16)/a)/(7/(-21)). Let o(n) = 1 + 4*n - d + 6 + 4. What is o(-3)?
-9
Let c(d) be the third derivative of d**5/60 + d**4/6 - 8*d**3/3 + 1003*d**2. Determine c(-6).
-4
Let b be ((-384)/(-448))/(4/(-42)). Let l(a) = 2*a + 3. What is l(b)?
-15
Suppose 0*t - 146 = -4*t - 14*o, -4*t - 2*o = -86. Let m(s) = -6*s + 110. Give m(t).
-4
Let b = 4240 - 4238. Let f(v) = -v**3 + 3*v**2 - 4*v + 3. What is f(b)?
-1
Let v(u) be the second derivative of -u**4/12 + 9*u**3/2 + 37*u**2 + 247*u - 11. What is v(28)?
46
Let a(q) = -2*q**2 - 15*q - 29. Let i be a(-4). Let v(j) = 15*j - 4. What is v(i)?
-19
Let c(a) be the third derivative of a**6/120 + a**5/20 - a**4/8 - a**3/2 - 51*a**2. Let i be c(-3). Let g(y) = -y**2 + 9*y - 1. Determine g(i).
17
Let c(z) = -4*z**2 + 2*z - 20 + 12 + 3 - z**3 + 9. Let n be c(-4). Let k(m) = m + 13. Determine k(n).
9
Suppose -2*q = -6, 5*q = 2*i + 6*q - 21. Let s(u) = -13*u + 112. What is s(i)?
-5
Let j(y) be the second derivative of -y**4/12 - 4*y**3/3 - 5*y**2 + 150*y - 2. Let k = 7 + -27. Let b be 72/(-10) - 4/k. Determine j(b).
-3
Let s(h) be the first derivative of -3*h**2/2 - 57*h - 987. Determine s(-16).
-9
Let k(i) be the first derivative of -1/2*i**2 - 2*i + 153. Give k(4).
-6
Let a = -254 - -285. Suppose a*f = 14*f + 68. Let i(v) = 13*v**2 - 8*v - 17. Let h(w) = -6*w**2 + 4*w + 8. Let c(r) = 9*h(r) + 4*i(r). Calculate c(f).
-12
Suppose 6*s = 62 - 50. Let m(l) = -s - 17*l**2 - 4*l**2 - l**3 - 2*l - 4 + 15*l**2. Let k be -4 + -1 - 4/4. What is m(k)?
6
Let u = 22 - 32. Let j(l) be the first derivative of -l**3/3 - 6*l**2 - 12*l - 26588. Calculate j(u).
8
Let n = -102599/24 - -4275. Let c(h) be the third derivative of 0*h + 0 + 1/20*h**5 + 1/120*h**6 - n*h**4 + 8*h**2 + 0*h**3. Determine c(-2).
6
Let i(s) = s - 47. Let p = -5393 + 5393. Calculate i(p).
-47
Let p = 17 + -22. Let w(b) = b**3 - 5*b**2 - b. Let h(z) = 3*z**3 - 26*z**2 - 6*z + 4. Let g(m) = h(m) - 4*w(m). What is g(p)?
-11
Let t(i) = -7*i**2 - 549*i - 4956. Let v be t(-68). Let q(o) be the second derivative of -o**3/6 - 3*o**2/2 + 2*o. Calculate q(v).
-11
Let d(x) be the second derivative of -5*x**4/6 - 17*x**3/6 + 3*x**2/2 - 2186*x. What is d(-2)?
-3
Let r = 744 + -740. Let o(x) be the first derivative of -x + 15 - 1/4*x**r - x**2 + x**3. Determine o(2).
-1
Suppose -550*a - 464*a = 9126. Let h(j) = 2*j - 13. Let r(s) = -s - 4 + 4 + 12. Let g(d) = 2*h(d) + 3*r(d). Determine g(a).
1
Let w(p) = p**3 - 4*p**2 + 2*p + 3. Let z(g) be the third derivative of -g**5/60 - g**4/8 + 19*g**3/2 - g**2 - 44*g. Let t be z(6). Calculate w(t).
0
Let y(p) = -4*p + 1. Let u(s) = -4*s. Let a(r) = 5*u(r) - 4*y(r). Suppose -36*x = -32*x - 20. Suppose -x*z + 5*q + 2 = 